, what is 20212 - -14421?
40133
In base 10, what is -317276 - 0?
-317276
In base 9, what is 1 - -247863?
247864
In base 6, what is -255352 - -21?
-255331
In base 4, what is 12 + -23002?
-22330
In base 14, what is 2 - 323b?
-3239
In base 3, what is -220201121 - 2?
-220201200
In base 11, what is 64040 + 0?
64040
In base 10, what is 5698 - -172?
5870
In base 16, what is 4d9 - 62?
477
In base 13, what is 38 - 1?
37
In base 8, what is 110 + -112?
-2
In base 11, what is -19056 - -12?
-19044
In base 2, what is 10001011011100 - -10?
10001011011110
In base 13, what is 0 + 2104?
2104
In base 3, what is 10111012000 + -10?
10111011220
In base 3, what is -1022100 - 1?
-1022101
In base 7, what is 3566 - 140?
3426
In base 8, what is -1027453 + 4?
-1027447
In base 9, what is -4 + 32871?
32866
In base 11, what is 1 + 19024?
19025
In base 3, what is -100 + -10022200?
-10100000
In base 4, what is 3 - -11322003?
11322012
In base 6, what is 2004 - 300?
1304
In base 2, what is -11001000 - -11100001?
11001
In base 16, what is -95 + 4b?
-4a
In base 8, what is -114514 + -13?
-114527
In base 14, what is -14b3b + 7?
-14b34
In base 16, what is 4916 - -2?
4918
In base 8, what is -27 - 156637?
-156666
In base 11, what is 564a6 + 0?
564a6
In base 4, what is -211213 - -101020?
-110133
In base 10, what is -171097 - 10?
-171107
In base 3, what is 210 + 10021201?
10022111
In base 8, what is 24141 - 61?
24060
In base 3, what is 2202120 - -100?
2202220
In base 10, what is -12 + -16731?
-16743
In base 5, what is -101 - -31301?
31200
In base 15, what is -6678 - -3?
-6675
In base 6, what is -13340541 + 5?
-13340532
In base 6, what is -150112 + -5?
-150121
In base 10, what is -860 + -65?
-925
In base 12, what is -107273 + 5?
-10726a
In base 11, what is -520 - 43?
-563
In base 14, what is -129a - -55?
-1245
In base 10, what is 3 + -1118?
-1115
In base 8, what is 5 - 40307?
-40302
In base 9, what is 1602622 - -5?
1602627
In base 2, what is 1 - 1110011010101100000?
-1110011010101011111
In base 3, what is -22222210 - 2?
-22222212
In base 15, what is ccdb - 5?
ccd6
In base 10, what is -15 - 5921?
-5936
In base 8, what is -5766022 - -4?
-5766016
In base 4, what is 102330120 + -13?
102330101
In base 8, what is 50026 + -33?
47773
In base 4, what is 22 + 102122?
102210
In base 11, what is 12 - -2201a?
22031
In base 11, what is 1 - -450a?
4510
In base 6, what is -1 + -42300?
-42301
In base 4, what is 112332 - 101300?
11032
In base 7, what is -60420 - 305?
-61025
In base 11, what is 11a9036 + -5?
11a9031
In base 6, what is 0 - 324345?
-324345
In base 10, what is 7535 + 3?
7538
In base 7, what is -2513631 + -13?
-2513644
In base 14, what is 185 - 90?
d5
In base 6, what is 2243210 - -4?
2243214
In base 4, what is 221323 + -13?
221310
In base 10, what is -609496 - 4?
-609500
In base 11, what is -22 + 435?
413
In base 2, what is -11100010011100111001 - 11?
-11100010011100111100
In base 7, what is -25 + 30061?
30033
In base 13, what is -28a + -310?
-59a
In base 2, what is -1011011 - 1001110101010?
-1010000000101
In base 11, what is 5 + 1081?
1086
In base 4, what is 123311 + 122?
130033
In base 8, what is 334 - 26404?
-26050
In base 15, what is -9499 - 5?
-949e
In base 4, what is -1 + 33132102?
33132101
In base 14, what is -6a - 9bb?
-a47
In base 7, what is -560 + 36?
-521
In base 3, what is -11 - -201111211120?
201111211102
In base 7, what is 4 + -53444?
-53440
In base 3, what is -2101022 + -2220?
-2111012
In base 2, what is -1 - -10101101110011?
10101101110010
In base 3, what is -1000001021112 - 121?
-1000001022010
In base 4, what is 131121000 + -1?
131120333
In base 16, what is e - 2aed?
-2adf
In base 7, what is -1 - 266010?
-266011
In base 3, what is 11 - 10101200220?
-10101200202
In base 12, what is 3b580 - 3?
3b579
In base 4, what is 23303 + 2103?
32012
In base 6, what is -1241154 - -2?
-1241152
In base 7, what is -42 + -231212?
-231254
In base 4, what is 302 - -23023?
23331
In base 8, what is 27155 - -3?
27160
In base 16, what is 1e1 - -c?
1ed
In base 13, what is -1c693a9 + 3?
-1c693a6
In base 11, what is 5 - 11234?
-1122a
In base 16, what is -c6 + -83?
-149
In base 2, what is -1 - -11001011111?
11001011110
In base 13, what is 49b + -2a5?
1c6
In base 5, what is 330222 - -43?
330320
In base 4, what is 1210310032 + 0?
1210310032
In base 4, what is 0 - -31333102?
31333102
In base 11, what is 12248 - -146?
12393
In base 14, what is 3 + 3b81?
3b84
In base 4, what is -3 + -3311021?
-3311030
In base 2, what is -1010111010 + 1110111000?
11111110
In base 11, what is 18095 - -3?
18098
In base 7, what is 0 + 222401?
222401
In base 15, what is -867b + 12?
-8669
In base 5, what is -4303032 + -3?
-4303040
In base 6, what is -10035 + -10?
-10045
In base 2, what is -111 + 101110100010?
101110011011
In base 12, what is -1a - -418?
3ba
In base 13, what is 3 - -20c0?
20c3
In base 4, what is -3 + 2123311?
2123302
In base 16, what is -2efb - 60?
-2f5b
In base 12, what is -2 + -2254?
-2256
In base 12, what is -2 - -609b?
6099
In base 6, what is 15510003 + -4?
15505555
In base 9, what is 5 - -17136?
17142
In base 13, what is -a22 - 0?
-a22
In base 14, what is a20 - 52?
9ac
In base 12, what is b - -10543?
10552
In base 11, what is 4 - -a685?
a689
In base 5, what is -130 - 4133?
-4313
In base 4, what is 222200 - 13?
222121
In base 11, what is -9 + -2732?
-2740
In base 4, what is -2003 - -12120?
10111
In base 11, what is 4a6a - -125?
5094
In base 9, what is 42 - 73166?
-73124
In base 14, what is -6b17 + -2?
-6b19
In base 4, what is 330011 - 201?
323210
In base 12, what is -63 - 192?
-235
In base 16, what is 1b2 - -5?
1b7
In base 8, what is -22 - 13045?
-13067
In base 8, what is -1 + -6650?
-6651
In base 3, what is -121212120 + -12?
-121212202
In base 11, what is 415 - 360?
65
In base 8, what is -622 + -4413?
-5235
In base 5, what is -2 - -31112241?
31112234
In base 6, what is -1055 - 2503?
-4002
In base 6, what is 2 + -103045?
-103043
In base 9, what is -11 - 366338?
-366350
In base 13, what is -120 + -164?
-284
In base 3, what is 20101020102 - -12?
20101020121
In base 13, what is 3 - -7b912?
7b915
In base 3, what is 12221001222 + -1?
12221001221
In base 16, what is -3984 + 129?
-385b
In base 16, what is 2 - -1a9d72?
1a9d74
In base 11, what is 777a1 + 2?
777a3
In base 7, what is -64 - 1155331?
-1155425
In base 15, what is 4e + -2c0?
-271
In base 2, what is 10001110111111011011 - 0?
10001110111111011011
In base 12, what is -a1 - -2698?
25b7
In base 4, what is 1330 - 2203102?
-2201112
In base 8, what is -4 - 20530?
-20534
In base 3, what is 2 + -101200020022?
-101200020020
In base 14, what is 6bd12 + -5?
6bd0b
In base 11, what is 2 + -11484?
-11482
In base 14, what is -d1 + 303?
212
In base 2, what is 1 + 1010110010001011?
1010110010001100
In base 11, what is a4 + 510?
604
In base 8, what is 1235015 - 1?
1235014
In base 13, what is 96b + -5?
966
In base 8, what is 506 - -1050?
1556
In base 12, what is -58a049 + 5?
-58a044
In base 2, what is -100 + -11101001111010?
-11101001111110
In base 7, what is 25 + 212256?
212314
In base 10, what is 5 + -56559?
-56554
In base 12, what is -5bb - 2?
-601
In base 6, what is -543504 + -2?
-543510
In base 6, what is 25241231 - 5?
25241222
In base 4, what is -12032 + 10113?
-1313
In base 11, what is -79359 + -3?
-79361
In base 3, what is 121020 + -101221?
12022
In base 7, what is -6334 - 5?
-6342
In base 4, what is 230323 + 3?
230332
In base 15, what is -3 - -8d938?
8d935
In base 8, what is 65 + -177?
-112
In base 15, what is -7c04c + -1?
-7c04d
In base 4, what is 3330 + 2131?
12121
In base 5, what is 442143422 - 3?
442143414
In base 7, what is 405326 + 26?
405355
In base 11, what is -204 + 693?
48a
In base 5, what is 114202240 + -1?
114202234
In base 13, what is 1 - -1024b?
1024c
In base 14, what is -1 - -64ba?
64b9
In base 6, what is 2135 + 20?
2155
In base 10, what is 17 + -531?
-514
In base 2, what is -1110101001100010101101 + 100?
-1110101001100010101001
In base 4, what is 32 + 222133?
222231
In base 14, what is -b - 1da80?
-1da8b
In base 7, what is 6204 + -2522?
3352
In base 15, what is 1e9841 - 0?
1e9841
In base 2, what is 1100010100001 - -1100?
1100010101101
In base 5, what is -23423113 + 1?
-23423112
In base 7, what is 16 - 105224?
-105205
In base 8, what is 0 - 60772?
-6077